5. Let h be d(-4). Calculate c(h).
-36
Suppose z - 2*x + 187 = 0, 0 = 4*z - 9*z - 2*x - 983. Let n = z - -202. Let t(r) = r**3 - 6*r**2 - 8*r + 6. Calculate t(n).
-1
Let f be ((-74)/8)/(((-7)/8)/7). Let h(y) = -3*y**2 + 5*y**2 + f - 3*y - y**2 - 72. Let v be (4/8)/((-3)/(-30)). Give h(v).
12
Let z(u) = -u**3 - 7*u**2 + u - 14. Let k(p) = -p + 1. Let i(j) = -5*k(j) - z(j). Let a(r) = r**2 - 18*r - 94. Let v be a(-4). Give i(v).
21
Let t(m) = -m - 8. Let b be t(-8). Suppose -10*c + 48 + 12 = b. Let r(z) = 6*z - 3*z - 4*z - c - z. Give r(-6).
6
Let j(t) = -t + 1. Let y(r) = 4*r + 2. Let b be y(0). Suppose 15 = 3*g, b*c + 15 = 2*g + 3. Calculate j(c).
2
Suppose -2*n = -2*x + 20, 3*x = 6*x + 5*n + 26. Let d(i) = -5*i**2 + 18*i - 1. What is d(x)?
8
Let n(g) = -37219*g**2 + 4 - 1 + 10*g + 37222*g**2. Calculate n(-7).
80
Let k(i) = i**3 - 2*i**2 + 3*i + 9. Suppose -7 = -3*o - 1 + 6. Give k(o).
53
Let v be 10/40*2*-6. Let f(k) be the second derivative of -k**5/20 - k**4/3 + 3*k**2/2 + k. What is f(v)?
-6
Let u be 3 - 0 - 0/(9/(-3)). Let c(q) = 4 - q - q**u - q**2 + q + 3*q - 3. Let x = -10 + 8. Determine c(x).
-1
Suppose -c - 18 = -8*u + 5*u, 5*c + 18 = 3*u. Let m(g) be the second derivative of -1/12*g**4 - 5/6*g**3 + c - g**2 - 51*g. Give m(-6).
-8
Let f(c) = -c + 11. Let q = -10427 + 10427. Calculate f(q).
11
Let x(d) = -2*d**2 - 4*d + 15. Suppose -58*f - 52 = -71*f. Calculate x(f).
-33
Suppose 5*l - 148 + 168 = 0. Let g(q) = -3*q**2 - 29*q - 2. Let i(z) = -2*z**2 - 14*z - 1. Let r(b) = l*g(b) + 7*i(b). What is r(9)?
1
Let r(x) be the third derivative of x**6/120 - x**5/6 + x**4/3 + 3*x**3/2 - 1494*x**2. Suppose -5*c = -2*c - 27. Calculate r(c).
0
Let m(g) = -2*g + 4. Let y(t) = -11*t**2 - 26*t. Let s be y(-7). Let w = -352 - s. What is m(w)?
-6
Let t(o) = o**3 + 29*o**2 - 31*o - 16. Let r(c) = -1806*c - 7254. Let n be r(-4). Calculate t(n).
14
Let s(u) = 3*u**2 - 34*u - 20. Let w be s(12). Let q(b) = -3 - w + b + 4 + 6. Determine q(4).
7
Let i(t) = 7*t**2 - 2*t + 1. Let l be i(1). Let q(z) be the second derivative of -2*z**3/3 + 7*z**2/2 - 35*z. Determine q(l).
-17
Let r(j) = -15*j + 91. Let m be r(-15). Let w(t) = -2 + 6*t**2 - t**2 - 2*t**2 - 317*t + m*t. Determine w(2).
8
Let t = 102 + -93. Suppose -t*a + 96 - 33 = 0. Let l(z) = 2*z - 6*z**2 + 2 - 9*z + 1 + 7*z**2. Calculate l(a).
3
Let m(b) = -2*b + 10. Let w be m(5). Suppose 5*g - 3 - 7 = w. Let a(c) = -c**2 + 0 - 1 - 7*c + 0*c**g - 1. Calculate a(-5).
8
Let b(z) be the third derivative of -7/24*z**4 + 0*z + 1/15*z**5 + 1/120*z**6 - 32*z**2 + z**3 + 0. Give b(-6).
-24
Let z(k) = 1682*k**2 - k**3 + 2*k**3 - 7*k + 13 - 1685*k**2. Calculate z(3).
-8
Let m = 11101 - 11114. Let z(v) = -v**3 - 13*v**2 + 4*v + 31. Give z(m).
-21
Let z(c) = -25*c**2 - c - c**3 + 62*c**2 - 18*c**2 - 20*c**2. Let f(g) = -2*g**3 - g**2 - g. Let i(a) = f(a) - 3*z(a). Determine i(0).
0
Let h(k) = -2*k + 64. Let f be h(8). Let p(w) = -89 + w + f + 41. Determine p(-12).
-12
Let n(m) = -m**2 + 5*m - 10. Let z(r) = 3*r - 5. Let t(d) = -2*n(d) + 5*z(d). Let k(u) = -u**3 + 7*u**2 - 12*u + 5. Let s be k(5). Calculate t(s).
20
Suppose 5*t - 72 = 17*t. Let y = 8 - t. Let b(d) = d**2 - 15*d + 1. What is b(y)?
-13
Let g(x) = 39*x + 23. Let p(r) = 46*r + 24. Let z(i) = -5*g(i) + 4*p(i). Calculate z(-7).
58
Let j(z) = 19681 - z**2 + 19711 - 39378 + 12*z. Let x be 80/6 + 2/(-6). Determine j(x).
1
Let v(c) = 5*c - 35 + 2*c**2 + 32 - 3*c**2. Let o(q) = 2*q - 23. Let n be o(12). Suppose n - 6 = -x. Determine v(x).
-3
Let g(a) = -a + 1. Let m be (1/(-4))/(14/(-112)). Suppose -85 = 7*l - m*l + 5*x, -3*x = 2*l + 37. Let s(q) = q**3 + 14*q**2 - 5. Let o be s(l). Give g(o).
6
Suppose 12*m - 3 = 11*m. Suppose 4*k + 21 = 5*k - 4*v, 0 = -m*k - v - 2. Let t(n) = 0*n - n - 5 + k + 7*n - n**2. Calculate t(4).
4
Let w(c) = 242*c + 3*c**2 + 207*c + 8 - 2*c**2 - c**3 - 448*c. What is w(0)?
8
Let i(u) = -40*u - 3. Let n(t) = 9*t + 1. Let b(h) = 2*i(h) + 9*n(h). Suppose 17*c = 19*c. Suppose 6*q + 38 + 34 = c. Give b(q).
-9
Let j(f) be the first derivative of -f**3/3 + 5*f**2 - 18*f + 2061. What is j(3)?
3
Let l(j) be the third derivative of -j**5/60 - j**4/8 + j**3/6 + 57021*j**2. Suppose 0 = -2*s - 2*s + 20. Determine l(s).
-39
Let t(q) be the third derivative of -q**4/12 + 5*q**3/6 - 54*q**2. Let s be (-12*(-9)/48)/(2/96). Let c be -5 + s/10 + 2/10. What is t(c)?
-7
Let o(x) = -2*x - 1. Let f(z) = 4*z + 31. Let t(l) = -f(l) - 4*o(l). Give t(9).
9
Let d(r) = -23*r + 8. Let m(j) = -15*j + 5. Let t(a) = 5*d(a) - 8*m(a). Let h be 5/(15/(-6)) + -43. Let c = 46 + h. Determine t(c).
5
Let z(a) = -a**3 + 6*a**2 - 7*a + 3. Let n(w) = w**3 - 2*w**2 - w + 9. Let g be n(3). Suppose -5*b = -25, -i - 2*b = -0*i - g. Calculate z(i).
-7
Let i(o) = o - 27. Let c be i(12). Let l be -2 + (-5)/(c/24). Let j(x) = x**2 - 6*x - 6. What is j(l)?
-6
Let u(a) = -a - 3. Let o(z) = z + 2. Let n(d) = -5*o(d) - 6*u(d). Suppose x - s = 3*x + 176, -3*x = 4*s + 254. Let c be ((-27)/x)/((-12)/50)*4. Determine n(c).
3
Let r(x) = 3*x + 44959*x**3 - 8*x**2 + 10 + 0*x - 44957*x**3 + x. Calculate r(3).
4
Let x(z) be the second derivative of z**4/6 - z**3/3 - 8*z + 3. Calculate x(-2).
12
Let i(v) = 7*v**2 - 8*v + 2. Let d(n) = 2*n**2 - 3*n - 1. Let g be (1/2)/((-12)/(-72)). Let x(u) = g*d(u) - i(u). What is x(-4)?
-17
Let g(h) = 40*h - 5. Suppose -2 = -83*m + 84*m. Let c(j) = -10*j + 1. Let t(x) = m*g(x) - 9*c(x). Calculate t(-1).
-9
Let v(k) = -6*k + 2. Let i(z) = -2*z**2 - 22*z + 122. Let d be i(-15). Determine v(d).
-10
Let w(j) = -50*j - 163. Suppose 273 = 2*b - 93*b. Calculate w(b).
-13
Suppose 2*j + 3*u + 7 = 0, 5*j - j - 31 = 3*u. Suppose -8*c - j = -9*c. Suppose 11 - 3 = -c*n. Let z(v) = v**2 - 1. Calculate z(n).
3
Let f(b) = -4*b**3 + b**2 - b - 1. Let p = 1242 - 1243. Calculate f(p).
5
Let f(n) = -n**3 + 16*n**2 + 15*n + 1. Let m = -76 + 93. What is f(m)?
-33
Let f(i) = i. Let j(h) = -h**3 + 7*h + 5. Let w(b) = 6*f(b) - j(b). Suppose 0 = -3*x + 8*x. What is w(x)?
-5
Let n(a) be the second derivative of -1/20*a**5 + 5/12*a**4 - 88*a + 0 - 5/2*a**2 + 1/2*a**3. Determine n(5).
10
Let c(m) = -8*m - 3. Suppose 0 = -4*y + 4*r + 2996, -3*y + 5*y + 5*r - 1477 = 0. Let j = 744 - y. Determine c(j).
13
Let d(g) = -g**3 + 8*g**2 - 14*g. Let s be d(5). Let i(h) = -2*h**2 + 15*h - 15. Calculate i(s).
10
Let m(p) = 5*p + 1. Suppose 2*h = 3*i + 10, 4*i = 2*h - 5 - 3. Let f be (h + 4)/4*(-8)/(-8). What is m(f)?
16
Let i(q) = -2*q**2 + 14*q - 11. Let w(g) = g**2 - g + 1. Let b(z) = i(z) + w(z). Suppose 4*r = 5*m - 44, 11*m = 16*m - r - 56. Determine b(m).
2
Let a be ((-356)/(-1246))/(2/(-14)). Let g(v) = -3*v**3 - v**2 + 3*v - 2. What is g(a)?
12
Let v(d) = d**3 + 7*d**2 + 6*d + 10. Suppose -4*t - p - 29 = 0, 2 = -2*t - 96*p + 98*p. What is v(t)?
10
Let p(j) = -15*j + 34*j**3 + 12*j**2 - 39 + 10*j**3 - 3*j**2 - 43*j**3. What is p(-10)?
11
Let o(z) = -z**2 + 23*z - 96. Let w be o(17). Let j(s) = s**3 - 5*s**2 - 9*s + 7. What is j(w)?
-11
Let f be ((-5)/20)/((-3)/30*5). Let l(d) be the first derivative of -d + 8 - f*d**2. What is l(-5)?
4
Let t be (2 - 1) + 1 + -19. Let m(c) = -16 + 11*c**2 - 94737*c + 5*c**2 + 94718*c + c**3. Calculate m(t).
18
Let w(p) = p**2 + 1. Let d be w(-2). Let a(g) = 9*g - 16*g + 6*g. Determine a(d).
-5
Let l(f) = -f**3 - 2*f**2 - f + 176. Let r be l(0). Let w = 179 - r. Let u(c) = -7*c + 2. Determine u(w).
-19
Suppose 2*k + 371 = 49. Let n be (40/30 + -2)*6/(-4). Let w be (k/(-69))/(n/(-3)). Let o(p) = p**2 + 5*p - 5. Give o(w).
9
Let i(o) be the first derivative of -30*o**2 - 5*o + 3627. What is i(0)?
-5
Let k(b) = -2*b**2 - 20*b + 20. Suppose -2*z - 46 = 3*y, -36*z + 33*z + 2*y - 17 = 0. Give k(z).
-2
Suppose 0 = 3*l - 3*q + 6, -4*q = l - 0*l - 23. Suppose -4*v = -l*r + 17, 22*r + 15 = 27*r. Let g(p) = p**2 + 1. Determine g(v).
5
Suppose -4*a = -5*r + 40, -10 + 5 = 5*r + 5*a. Suppose x - 5*d - 1 = 8, -r*x - 9 = -5*d. Let s(h) = -h**2 + 43 - 5*h - 23 - 22. Determine s(x).
-8
Let x(u) be the third derivative of -u**4/12 + 11*u**3/3 - 1144*u**2. Calculate x(11).
0
Suppose 5*o + 2*a + 36 = 3*o, 4*o - 2*a + 54 = 0. Let d(j) = -3*j - 47. Give d(o).
-2
Let d(j) be the second derivative of j**8/6720 + j**7/420 + j**6/120 + 41*j**4/12 - j**2 - 7*j + 1. Let w(z) be the third deri